h(35). What is the greatest common divisor of 306 and d?
102
Suppose -1222*f = -1214*f - 56. What is the highest common factor of 1085 and f?
7
Let z = -129 + 139. Let y(o) = -9*o**3 - o. Let i be y(-1). What is the greatest common factor of z and i?
10
Suppose 5*u = 4*u + 16. Let n = u + -3. What is the greatest common divisor of 143 and n?
13
Let h be 41/5 - 1/5. Let v = -7 + 9. Let c be 52/60 - v/(-15). What is the greatest common factor of c and h?
1
Let v(n) = -n**3 - 6*n**2 - 2*n - 9. Let u be v(-4). Let r = 59 + u. Suppose 5*b - 3*l - 1158 = 0, 0 = l + 2 - 6. What is the highest common divisor of r and b?
26
Let z = 107 + -70. Calculate the highest common divisor of z and 37.
37
Let f = 641 + -585. Calculate the greatest common factor of f and 63.
7
Let x(u) = 2*u**3 - 4*u**2 + 8*u. Let p be x(3). What is the highest common divisor of 182 and p?
14
Let w = 71 - 71. Suppose 4*v + w*v - 324 = -2*y, 4*y = 5*v - 392. What is the highest common divisor of v and 32?
16
Suppose -3*w + 10*w = 77. Let m be 8 - -6 - (1 + 2). Calculate the highest common factor of m and w.
11
Let t(r) = 74*r**2 - 16*r - 92. Let z be t(-6). Calculate the highest common divisor of 116 and z.
116
Let b be (-4)/(-1 - -2)*-1. Suppose -2*j = -4*t + b - 16, 3*j = 2*t + 30. Suppose 0 = -a + 28 + j. What is the highest common factor of 10 and a?
10
Suppose -5 = -4*b + 3. Suppose 0 = -3*h + 15, 59 + 119 = -b*a - 4*h. Let p = a - -249. What is the highest common factor of p and 30?
30
Let g be -1*(-16 - (-2 + 5)). Suppose 2*d - 6 - 8 = 0. Suppose 3*q + 3*u - d - 65 = 0, -2*u = 5*q - 105. Calculate the highest common divisor of q and g.
19
Let w(i) = -34*i - 5. Let h(p) = -17*p - 2. Let g(l) = 14*h(l) - 6*w(l). Let r be g(-2). Suppose -2*c + r = -80. What is the highest common factor of 30 and c?
15
Let p be (140/(-12) + 3)*-21. Calculate the highest common factor of 26 and p.
26
Let g(o) = o**3 + 8*o**2 - o + 10. Let m be 3/2 + (-136)/16. Let z be g(m). What is the highest common divisor of 11 and z?
11
Suppose 6*i - 3*b = 4*i + 821, i + b = 403. Calculate the greatest common factor of i and 14.
14
Let y be -1 + (-131)/(-3) - (-4)/(-6). Let i = -6 + 10. Suppose -a + f = -i*a + 188, -a = f - 62. What is the highest common factor of a and y?
21
Suppose 5*z - 77 + 14 = 3*n, 2*n = 5*z - 67. Suppose -10 - z = -j. Calculate the greatest common divisor of j and 25.
25
Let x = 78 - -31. Suppose 4*y = -0*y - 5*k + x, 0 = -y - 5*k + 31. Let a(z) = -2*z - 9. Let h be a(-11). Calculate the greatest common divisor of y and h.
13
Suppose -9 + 6 = -v, i - 69 = -v. Calculate the greatest common factor of 99 and i.
33
Let a be (-23779)/(-602) + (1 - (-1)/(-2)). What is the highest common divisor of a and 32?
8
Let f = 319 + -96. Suppose -895 = -4*g - f. Suppose -13 = 5*i - 118. What is the greatest common factor of g and i?
21
Let y(s) = -26*s + 79. Let o be y(-21). What is the greatest common divisor of 5 and o?
5
Let d(q) = -7*q - 63. Let b be d(-11). What is the highest common divisor of 266 and b?
14
Let f = 122 - 101. Calculate the greatest common factor of f and 546.
21
Suppose 115 - 25 = 3*d. Suppose -3*f + d = -90. What is the highest common factor of f and 5?
5
Let s be ((-24)/20)/(15/(-1150)). What is the highest common divisor of s and 299?
23
Suppose n + 2 = 3*n. Let x = 7 + -4. Suppose h = r - 7, 5*r + 4 = -x*h + 47. What is the greatest common divisor of r and n?
1
Let a be (2 - 1)*1 + (-399)/7. Let o be ((-472)/(-14) + (-16)/a)*1. What is the highest common factor of o and 34?
34
Let a(o) = -o**3 - 8*o**2 - 3*o + 18. Let l be a(-8). What is the greatest common factor of l and 525?
21
Let j = -10 - -11. Let i be (20/16)/(j/4). Suppose 5*g - 4 - 2 = y, -51 = -i*y - 2*g. Calculate the greatest common factor of 81 and y.
9
Let m(r) = -9*r - 51. Let a be m(-6). Let n = 17 - 14. Calculate the greatest common factor of a and n.
3
Let c(b) = -b - 30 + 31 + 58 - b. Let y be c(12). What is the greatest common factor of 7 and y?
7
Let t be 208/(-10)*(-9 - 1). Let a(v) = v**3 - 20*v**2 - 41*v - 40. Let r be a(22). Calculate the highest common divisor of t and r.
26
Let n be (16/(-6))/1*(-1 - 50). Let w be (1/(-2))/((-2)/68). What is the greatest common factor of w and n?
17
Suppose -3*k - 3 = -6. Suppose -o = -5*o + 28. What is the greatest common divisor of k and o?
1
Let i(v) = -v - 23. Let z be i(0). Let f = 24 + z. Suppose 0 = a - f - 1. Calculate the highest common divisor of 10 and a.
2
Suppose -1 = -3*s - 3*v - 10, 5*v = 2*s - 29. Suppose -3*l = -y + 60, -2*y - s*l + 105 = -3*l. What is the greatest common divisor of y and 68?
17
Let j(v) be the second derivative of -v**4/12 - 5*v**3/2 - 15*v**2/2 - 8*v. Let k be j(-13). What is the greatest common divisor of k and 77?
11
Suppose -5*s = 4*n - 72, -n + 13 + 5 = 4*s. Calculate the greatest common divisor of 306 and n.
18
Let j(r) = -r - 6. Let h be j(-8). Suppose 0 = -4*d + h*d + 144. Suppose 0 = -9*w + 13*w - 32. What is the greatest common factor of w and d?
8
Let g be 20/90 - (158/(-18) - -4). Suppose 4*r = -4*k + 16, -6*k + 4*k + 7 = r. What is the highest common factor of g and r?
1
Let j be -4 - (-2 - -1)*274. Suppose -6*u + 324 = -j. What is the highest common divisor of u and 11?
11
Suppose 108*o - 111*o = -108. What is the highest common factor of 48 and o?
12
Let g be (-54)/(-135) + (5274/15 - 1). What is the greatest common divisor of 18 and g?
9
Suppose -23 = -o + 3. Let h be 1/(-2 + (-313)/(-156)). What is the greatest common divisor of h and o?
26
Let j = 1413 - -703. Calculate the highest common factor of 92 and j.
92
Let r be (-3*(-18)/(-8))/((-27)/144). Calculate the greatest common factor of 162 and r.
18
Let w be (-22 + 1)/((-53)/159). Calculate the highest common divisor of w and 168.
21
Let s = -243 - -249. Let u(m) = m**2 - 4*m - 3. Let a be u(-2). What is the greatest common divisor of a and s?
3
Suppose 4*g + 1 = 17. Let n(q) = q - 2. Let s be n(g). Suppose x - 5*u - 12 = 6, -s*x - u + 25 = 0. Calculate the greatest common divisor of 117 and x.
13
Let k(r) = -9*r**3 + r**2 + r + 1. Let y be k(-1). Let l = y + 0. Let w = -597 + 627. Calculate the greatest common divisor of l and w.
10
Suppose 0 = -4*d + 3*q + 51, -d + 0 = 4*q + 11. Calculate the highest common divisor of d and 33.
3
Let j(z) = -z**2 - 14*z + 16. Let w be j(-13). Suppose 25 = 4*g + w. Let d be g/((-164)/80 - -2). What is the greatest common divisor of 60 and d?
20
Let o = -132 - -197. Let j = o + -17. What is the greatest common factor of 18 and j?
6
Suppose 5*m + 4*b - b - 1224 = 0, 0 = 3*m + 2*b - 735. Calculate the highest common divisor of 27 and m.
27
Suppose 47*s - 180 = 44*s. Calculate the greatest common divisor of 108 and s.
12
Suppose -5 = -12*g + 19. Suppose 5*x = h + 17 - 4, g*h = -2*x + 34. What is the highest common divisor of 12 and h?
12
Let h be 1/(2*4/(-48)). Let b be h - (-1 - 3) - -7. What is the greatest common divisor of b and 35?
5
Let a(j) = -3*j**2 - 25*j + 8. Let k be a(-4). What is the highest common divisor of 132 and k?
12
Let x be (-1)/2 - ((-181)/2)/1. Let v = 160 - x. Calculate the highest common divisor of 14 and v.
14
Let q = -497 + 509. Calculate the highest common divisor of 15 and q.
3
Suppose -106*j = -5*h - 110*j + 20, 37 = 4*h - j. Suppose -19 = 3*m - 79. Calculate the highest common factor of m and h.
4
Suppose 2*z + 4*f - 42 = 5*z, 5*f = -2*z - 28. Let o = 87 + z. Let x be 1/(-2) - o/(-2). Calculate the highest common factor of 24 and x.
12
Let n be (-1)/(2/26) - 0. Suppose -2*r + 64 = -3*o, 0 = 4*r - 6 - 14. Let p = n - o. What is the highest common factor of 5 and p?
5
Let j(m) = m**2 - m - 5. Let n be j(8). What is the greatest common factor of 34 and n?
17
Let g(r) = -r**2 + 8*r - 5. Let h be g(5). Let j(z) = z**2 + 23*z - 94. Let n be j(6). Calculate the greatest common factor of n and h.
10
Suppose 14*n - 20*n = -12. Let l(a) = 38*a + 4. Let d be l(n). What is the highest common factor of 10 and d?
10
Let f(i) = 7*i + 82. Let g be f(-11). Suppose -5*p + g = -3*q, -41 = -5*q + 2*p - 6*p. Calculate the greatest common divisor of q and 45.
5
Suppose 4*g - 72 - 24 = 0. Suppose 5*p - 2*n = 116, -2*p + 6*p + 5*n - 106 = 0. What is the highest common divisor of g and p?
24
Suppose 3*h - 2 - 13 = 0. S